t are the prime factors of l?
5
Suppose 1441 = 4*u - 55. List the prime factors of u.
2, 11, 17
Let u(k) = -12*k + 5. Let l be u(2). Let t = 12 + l. Let y = t - -10. What are the prime factors of y?
3
Let b(d) = -8*d - 39. List the prime factors of b(-21).
3, 43
List the prime factors of (0 + -306)*(-9 - (-104)/12).
2, 3, 17
Let j(o) = -o**3 + 18*o**2 + 20*o - 3. Suppose -s + 5*h + 0 = -9, 4 = 2*h. List the prime factors of j(s).
2
Let s be (3/12)/(1/(-4)). Let b be (-8)/(s + 4/(-4)). Suppose 2*v - b*q = 0, -13 = v + 3*q - 33. List the prime factors of v.
2
Let f be 6*(-1 - (-4)/3). Suppose -2*l + 733 = 5*y, -4*y + 626 = 4*l + 30. Suppose -y + 5 = -f*h. List the prime factors of h.
2, 5, 7
Suppose -4*o = 5*d + 48, 0*o - 4*d - 48 = 4*o. Let q = o + 18. Let r(f) = 2*f**2 - 6*f - 7. List the prime factors of r(q).
29
What are the prime factors of (-3 + 9)/2 - (-31707)/9?
2, 41, 43
Let r = 2411 + -766. List the prime factors of r.
5, 7, 47
Let i(x) be the third derivative of x**4/24 - x**3/6 - 10*x**2. Let o(n) = 9*n - 16. Let j(c) = 4*i(c) + o(c). What are the prime factors of j(6)?
2, 29
Let f(c) = 4*c**3 - 6*c**2 - 8*c + 17. Let r(t) = 11*t**3 - 18*t**2 - 24*t + 50. Let a(x) = -8*f(x) + 3*r(x). List the prime factors of a(8).
2, 3, 13
Suppose -c - 2*o + 15 = 0, -2*c + 4*o = 5 - 3. List the prime factors of (2/4)/(0 + c/154).
11
Let o = -81 + 138. Let l(g) = -11*g - 1. Let p be l(-1). Suppose 29 = 3*t - 4*z - o, -p = 2*z. List the prime factors of t.
2, 11
Let y be (-6*3)/(-2) - 4. Suppose -5*r = y*v, -3*v - 5*r = 4 + 6. Suppose -v*x = -3*x - 20. What are the prime factors of x?
2, 5
Let n = 1081 - -180. List the prime factors of n.
13, 97
Let c(h) = -152*h - 390. What are the prime factors of c(-5)?
2, 5, 37
Let r(f) = f**2 + 10*f. Let n be (15/20)/(1/(-20)). Let v be -17 - -6*(-10)/n. List the prime factors of r(v).
3, 13
Let z = 18 + -23. Let o = z + 10. Suppose -5*p - 2*h + 231 = -h, -p + 67 = -o*h. What are the prime factors of p?
47
Let y be (-3)/(-9) + 260/3. Suppose y - 227 = -5*l. What are the prime factors of l?
2, 7
Let q be (-2)/2*(1 + 1). Suppose -7 = -2*k - 23. What are the prime factors of q*(-2)/k*-34?
17
Suppose 79 - 65 = -p. Let g be (-2)/((-2)/17 + 0). Let o = g - p. List the prime factors of o.
31
Suppose 2*p + 2*v + 385 - 1151 = 0, 5*v = 15. List the prime factors of p/(-80)*(1 + -57).
2, 7, 19
List the prime factors of 10/2 + -4 + 694.
5, 139
Let z(f) = -5*f**3 + 11*f**2 + 10*f + 8. List the prime factors of z(-5).
2, 3, 11, 13
Let s(v) = -234*v - 271. List the prime factors of s(-4).
5, 7, 19
Suppose -g + 5*t + 27 = 0, -2*g + 4 = -5*t - 35. Suppose -r = 2*r - g. Suppose -3*v + 37 = -r*w + 97, 3*w - 5*v = 56. List the prime factors of w.
2, 3
Let t(j) = -3*j**3 + 2*j**2 - 3 + 2*j**3 - 5*j**2. Suppose 0 = -m + 5*o + 21, 2*o + 3 = 3*m + 5. List the prime factors of t(m).
13
Let t = 1649 + 245. What are the prime factors of t?
2, 947
Let g(k) be the first derivative of -1/2*k**2 + 1/2*k**4 - 7/3*k**3 - 7*k - 2. What are the prime factors of g(5)?
3, 7
Let z(n) = -n**3 - n**2 + 4. Let w be z(-3). Let g be ((-14)/(-5))/((-4)/(-40)). Let b = g + w. What are the prime factors of b?
2, 5
Let a = -2 + 40. Suppose 2*u - a = 5*i - i, -4*i + 124 = 4*u. Suppose 25*o = 26*o - u. List the prime factors of o.
3
Let b = 18 - 13. Suppose 10*l - b*l - 80 = 0. Let r = l - 0. List the prime factors of r.
2
Let m be 1 - 2*4/(-8). Let k(q) = 2*q. Let s be k(1). Suppose -3*f - 4*v = -89, -s*f + 2*v + m*v = -46. What are the prime factors of f?
3
Let h(q) = -q**3 + 7*q**2 + 10*q - 12. Let v be h(8). Let m be v + (0/1 - 1). Suppose -a + 18 = -3*z - 14, -3*a + 66 = -m*z. List the prime factors of a.
17
Let n = 63 + -58. Suppose 3*q - 14 = n*u + 269, -3*q + 3*u = -285. List the prime factors of q.
2, 3
Suppose 3*p = 10*p - 14. Suppose 4*c - 57 = -z, -z + 3*c = p*z - 96. List the prime factors of z.
37
Suppose 2*p - 8612 = -2*k, 12946 = 3*k + 4*p - 8*p. What are the prime factors of k?
2, 5, 431
Suppose -4*z - a = -0*a - 975, -5*a = -4*z + 957. What are the prime factors of z?
3
Let p = 45 + 156. List the prime factors of p.
3, 67
Let m be -7 - -4 - 21/(-3). Let n(v) be the third derivative of v**4/8 + v**3/6 - v**2. List the prime factors of n(m).
13
Suppose 0 = -4*h - 5*z + 246, 7*h - 194 = 4*h + z. What are the prime factors of h?
2
Let g = 3662 + -1790. What are the prime factors of g?
2, 3, 13
Suppose 4*n = -12, 0 = -5*i + 5*n + 12952 - 2552. List the prime factors of i.
31, 67
Suppose -57 = -4*l + l. Suppose 3*f = -i + 32, -4*i + 173 = -f + 4*f. Let p = i - l. List the prime factors of p.
2, 7
Let m(y) = y - 2. Let x be m(7). Suppose x*s - 83 = -8. List the prime factors of s.
3, 5
Let a(k) = 57*k + 31. Let p be a(6). Suppose -p = -2*h - 4*n - 81, -146 = -h - 3*n. What are the prime factors of h?
2, 73
Suppose 0 = -t - 3*m + 14, -4*t + t + 12 = 3*m. Let j be 0 - (11 + (t - 2)). What are the prime factors of (135/12)/((-3)/j)?
2, 3, 5
Let h be 0/(-4) + 0/4. Suppose h*w + 1260 = 4*w. Suppose -w = -12*g + 5*g. List the prime factors of g.
3, 5
Let j(z) = 38*z - 11. List the prime factors of j(2).
5, 13
Suppose -5*b + 0*b = 5. Let n(i) = 51*i + 1. Let s(u) = -u. Let h(z) = b*n(z) - 5*s(z). What are the prime factors of h(-1)?
3, 5
Let h(v) be the second derivative of 1/12*v**4 + 0*v**2 - 2*v + 1/6*v**3 + 0. List the prime factors of h(3).
2, 3
Let o be 43*-1 + (-26)/(-13). What are the prime factors of 3 + -3 + 2 - o?
43
Suppose -21 - 69 = 3*c. Let a = 53 + c. Let q = -12 + a. List the prime factors of q.
11
Let y(b) = -2*b - 16. Let i be y(-7). Let h = -4 - i. What are the prime factors of -3 + (60/(-1))/h?
3
Let j(x) = 4*x**2 + 13*x + 11. Let o(h) = -3*h**2 - 13*h - 11. Let g(d) = 4*j(d) + 5*o(d). What are the prime factors of g(-10)?
3, 73
Let v = 4 - 6. Let m be (-1)/(-2) + (-455)/v. Suppose 0 = 4*r - 8*r + m. What are the prime factors of r?
3, 19
Suppose 0 = -5*q + 262 + 403. Let n = 261 - q. List the prime factors of n.
2
Suppose 0 = v - 2*v. Let b(u) = -3*u**2 - 3*u**3 + 2*u**3 + 7 + v*u**3 + 7*u. What are the prime factors of b(-5)?
2, 11
Let v = -17 - -28. Suppose -4*t - 3*r = -2*t + v, -4*r = 20. Suppose -2*z = 3*i - 3, t*z - z + 4*i + 1 = 0. What are the prime factors of z?
3
Let w(r) = 13 + 16 + 1 + 0*r - r. Let j be w(0). List the prime factors of 0 + j - (-2 + 0).
2
Let s be -3*(-15)/(-18)*-26. Suppose 5*b + 3*h + 0*h - 99 = 0, -3*b + h + s = 0. Let i = -8 + b. List the prime factors of i.
13
List the prime factors of 0 + ((-8109)/(-2) - 4/8).
2, 2027
Let t(k) = -k + 4. Let x be t(4). Suppose -w + 1 + 4 = x. Suppose -3*s + w*s - 72 = 0. What are the prime factors of s?
2, 3
Let a(u) = 2*u**2 + u - 3. Let s be a(-3). Suppose -3*c = -s - 33. Let z = 33 - c. What are the prime factors of z?
2, 3
Suppose 2*m + 17*v - 8 = 15*v, 10 = 2*m + 3*v. Suppose m*j + 0*j = 434. What are the prime factors of j?
7, 31
Suppose 1 = -5*o - 14, 0 = -3*l + 3*o + 15. Suppose 111 = l*m + 77. What are the prime factors of m?
17
Let j(x) = 99*x**2 - 11*x - 6. What are the prime factors of j(-2)?
2, 103
Let k = -860 + 1724. List the prime factors of k.
2, 3
Suppose 2*t = 3*o - 6350 - 633, 3 = -3*t. What are the prime factors of o?
13, 179
Let y = -3166 - -4467. List the prime factors of y.
1301
Suppose -3*l - 2*l = -20. Suppose -62 - 18 = -l*f. List the prime factors of f.
2, 5
Let h(r) = -2669 + r**3 + 7*r + r + 7*r**2 + 2678. Let c be -4 + 0 - 0/(-3). What are the prime factors of h(c)?
5
Suppose 2*r - 162 = 4*l, 5*r - 36 = 4*l - 3*l. Let z = 121 - l. What are the prime factors of z?
2, 3
Let w(p) = 3*p - 8. Let l be w(4). Suppose 162 = l*u - 90. Suppose -2*r + 43 + u = 0. List the prime factors of r.
53
Let m(o) be the first derivative of o**4/4 - 2*o**3 + 3*o**2/2 - 2*o + 1. Suppose -4*i + 11 + 21 = -4*h, 0 = -5*i - 5*h + 20. List the prime factors of m(i).
2
List the prime factors of 1/(-5)*2 - 71442/(-105).
2, 5, 17
Suppose 4*k + 114 = -10. Let j = k - -36. Suppose 0 = -j*b + 290. What are the prime factors of b?
2, 29
Let l = 1435 - 949. Suppose 3*q - 48 = l. What are the prime factors of q?
2, 89
Suppose -7*a = 5*o - 2*a - 8250, 5*a = -4*o + 6599. What are the prime factors of o?
13, 127
Let l(p) = -9*p**3 - 5*p**2 + 7*p + 13. List the prime factors